{"id":37869,"date":"2025-01-28T15:49:38","date_gmt":"2025-01-28T14:49:38","guid":{"rendered":"https:\/\/www.krivak.sk\/?page_id=37869"},"modified":"2025-01-30T15:24:56","modified_gmt":"2025-01-30T14:24:56","slug":"asistent-asistentka-kancelarie","status":"publish","type":"page","link":"https:\/\/www.krivak.sk\/eng\/asistent-asistentka-kancelarie\/","title":{"rendered":"Asistent\/asistentka kancel\u00e1rie"},"content":{"rendered":"<h1><strong>Inform\u00e1cie o pracovnom mieste Asistent\/asistentka kancel\u00e1rie<\/strong><\/h1>\n<p><strong>N\u00e1pl\u0148 pr\u00e1ce a\u00a0zodpovednosti<\/strong><\/p>\n<ul>\n<li>zabezpe\u010dovanie chodu recepcie<\/li>\n<li>zabezpe\u010dovanie chodu kancel\u00e1rie z organiza\u010dn\u00e9ho a\u00a0materi\u00e1lno-technick\u00e9ho h\u013eadiska<\/li>\n<li>vybavovanie telefonickej, e-mailovej a po\u0161tovej komunik\u00e1cie vr\u00e1tane elektronickej a\u00a0jej evidencia<\/li>\n<li>vybran\u00e9 \u00falohy pri zabezpe\u010dovan\u00ed \u00fa\u010dtovn\u00fdch podkladov a\u00a0\u00fa\u010dtovnej agendy kancel\u00e1rie<\/li>\n<li>evidencia a\u00a0archiv\u00e1cia spisov<\/li>\n<li>organiz\u00e1cia intern\u00fdch stretnut\u00ed kancel\u00e1rie a\u00a0vypracovanie z\u00e1pisn\u00edc, organiz\u00e1cia stretnut\u00ed s\u00a0extern\u00fdmi subjektmi<\/li>\n<li>osobn\u00e1 asistencia vedeniu kancel\u00e1rie<\/li>\n<li>\u010fal\u0161ie podobn\u00e9 \u00falohy pod\u013ea potrieb kancel\u00e1rie<\/li>\n<\/ul>\n<p><strong>Zamestnaneck\u00e9 v\u00fdhody, benefity<\/strong><\/p>\n<ul>\n<li>pr\u00e1ca v\u00a0motivuj\u00facom, slobodnom a\u00a0bezpe\u010dnom prostred\u00ed<\/li>\n<li>mo\u017enos\u0165 kari\u00e9rneho a\u00a0osobnostn\u00e9ho rastu<\/li>\n<li>mo\u017enos\u0165 by\u0165 s\u00fa\u010das\u0165ou komunity anga\u017eovan\u00fdch pr\u00e1vnikov a\u00a0pr\u00e1vni\u010diek<\/li>\n<\/ul>\n<h2><strong>Po\u017eiadavky na zamestnanca a zamestnanky\u0148u<\/strong><\/h2>\n<p><strong>Poz\u00edcii vyhovuj\u00fa uch\u00e1dza\u010di a uch\u00e1dza\u010dky so vzdelan\u00edm<br \/>\n<\/strong>minim\u00e1lne stredo\u0161kolsk\u00e9 s\u00a0maturitou<\/p>\n<p><strong>Jazykov\u00e9 znalosti<br \/>\n<\/strong>slovensk\u00fd jazyk \u2013 Expert (C2)<br \/>\nanglick\u00fd jazyk \u2013 znalos\u0165 v\u00fdhodou<\/p>\n<p><strong>Ostatn\u00e9 znalosti<br \/>\n<\/strong>Microsoft Outlook \u2013 pokro\u010dil\u00fd<br \/>\nMicrosoft Word \u2013 pokro\u010dil\u00fd<br \/>\nMicrosoft Excel \u2013 z\u00e1kladn\u00e9 znalosti<br \/>\nMicrosoft PowerPoint \u2013 z\u00e1kladn\u00e9 znalosti<br \/>\nInternet \u2013 vyh\u013ead\u00e1vanie a vyu\u017e\u00edvanie soci\u00e1lnych siet\u00ed; schopnos\u0165 pracova\u0165 s\u00a0n\u00e1strojmi umelej inteligencie v\u00fdhodou<\/p>\n<p><strong>Osobnostn\u00e9 predpoklady a\u00a0zru\u010dnosti<br \/>\n<\/strong>kultivovan\u00e9 vystupovanie a v\u00fdborn\u00e9 komunika\u010dn\u00e9 zru\u010dnosti<br \/>\nzodpovedn\u00fd pr\u00edstup k\u00a0plneniu si povinnost\u00ed<br \/>\niniciat\u00edvnos\u0165, schopnos\u0165 samostatne rie\u0161i\u0165 probl\u00e9my<br \/>\nprec\u00edznos\u0165, d\u00f4slednos\u0165, poctivos\u0165<br \/>\nvodi\u010dsk\u00fd preukaz v\u00fdhodou<\/p>\n<h2><strong>Inform\u00e1cie o pracovnej poz\u00edcii<\/strong><\/h2>\n<p><strong>Miesto<\/strong><strong> pr\u00e1ce<br \/>\n<\/strong>Gajova 13, Bratislava<\/p>\n<p><strong>Druh pracovn\u00e9ho pomeru<br \/>\n<\/strong>pln\u00fd \u00fav\u00e4zok<\/p>\n<p><strong>Term\u00edn n\u00e1stupu<\/strong><br \/>\nihne\u010f (s mo\u017enos\u0165ou dohody)<\/p>\n<p><strong>Mzdov\u00e9 podmienky (brutto)<br \/>\n<\/strong>1200 \u2013 1400 EUR\/mesiac (v z\u00e1vislosti od zru\u010dnost\u00ed a\u00a0sk\u00fasenost\u00ed)<\/p>\n<h2><strong>Inform\u00e1cie o v\u00fdberovom konan\u00ed<br \/>\n<\/strong><\/h2>\n<p>Ak V\u00e1s na\u0161a ponuka zaujala, pros\u00edme V\u00e1s, aby ste zaslali \u017eivotopis na ni\u017e\u0161ie uveden\u00fa e-mailov\u00fa adresu, a to najnesk\u00f4r do 7. febru\u00e1ra 2025. Vybran\u00ed uch\u00e1dza\u010di a uch\u00e1dza\u010dky bud\u00fa pozvan\u00ed na osobn\u00fd pohovor, ktor\u00fd sa uskuto\u010dn\u00ed v priebehu febru\u00e1ra. V\u0161etk\u00fdm uch\u00e1dza\u010dom a uch\u00e1dza\u010dk\u00e1m z\u00e1rove\u0148 vopred \u010fakujeme za prejaven\u00fd z\u00e1ujem pracova\u0165 v na\u0161ej kancel\u00e1rii.<\/p>\n<p><strong>Prihl\u00e1sen\u00edm sa do v\u00fdberov\u00e9ho konania uch\u00e1dza\u010d alebo uch\u00e1dza\u010dka ude\u013euje s\u00fahlas so spracov\u00e1van\u00edm osobn\u00fdch \u00fadajov na \u00fa\u010dely tohto pr\u00edpadne \u010fal\u0161\u00edch v\u00fdberov\u00fdch konan\u00ed organizovan\u00fdch advok\u00e1tskou kancel\u00e1riou Krivak &amp; Co.<\/strong><\/p>\n<p><strong>Contact<br \/>\n<\/strong>E-mail: nevedelova@krivak.sk<\/p>\n<p>&nbsp;<\/p>","protected":false},"excerpt":{"rendered":"<p>Inform\u00e1cie o pracovnom mieste Asistent\/asistentka kancel\u00e1rie N\u00e1pl\u0148 pr\u00e1ce a\u00a0zodpovednosti zabezpe\u010dovanie chodu recepcie zabezpe\u010dovanie chodu kancel\u00e1rie z organiza\u010dn\u00e9ho a\u00a0materi\u00e1lno-technick\u00e9ho h\u013eadiska vybavovanie telefonickej, e-mailovej a po\u0161tovej komunik\u00e1cie vr\u00e1tane elektronickej a\u00a0jej evidencia vybran\u00e9 \u00falohy pri zabezpe\u010dovan\u00ed \u00fa\u010dtovn\u00fdch podkladov a\u00a0\u00fa\u010dtovnej agendy kancel\u00e1rie evidencia a\u00a0archiv\u00e1cia spisov organiz\u00e1cia intern\u00fdch stretnut\u00ed kancel\u00e1rie a\u00a0vypracovanie z\u00e1pisn\u00edc, organiz\u00e1cia stretnut\u00ed s\u00a0extern\u00fdmi&hellip;<\/p>","protected":false},"author":18,"featured_media":0,"parent":0,"menu_order":0,"comment_status":"closed","ping_status":"closed","template":"","meta":[],"acf":[],"aioseo_notices":[],"_links":{"self":[{"href":"https:\/\/www.krivak.sk\/eng\/wp-json\/wp\/v2\/pages\/37869"}],"collection":[{"href":"https:\/\/www.krivak.sk\/eng\/wp-json\/wp\/v2\/pages"}],"about":[{"href":"https:\/\/www.krivak.sk\/eng\/wp-json\/wp\/v2\/types\/page"}],"author":[{"embeddable":true,"href":"https:\/\/www.krivak.sk\/eng\/wp-json\/wp\/v2\/users\/18"}],"replies":[{"embeddable":true,"href":"https:\/\/www.krivak.sk\/eng\/wp-json\/wp\/v2\/comments?post=37869"}],"version-history":[{"count":4,"href":"https:\/\/www.krivak.sk\/eng\/wp-json\/wp\/v2\/pages\/37869\/revisions"}],"predecessor-version":[{"id":37895,"href":"https:\/\/www.krivak.sk\/eng\/wp-json\/wp\/v2\/pages\/37869\/revisions\/37895"}],"wp:attachment":[{"href":"https:\/\/www.krivak.sk\/eng\/wp-json\/wp\/v2\/media?parent=37869"}],"curies":[{"name":"wp","href":"https:\/\/api.w.org\/{rel}","templated":true}]}}