{"id":37501,"date":"2024-02-12T20:21:09","date_gmt":"2024-02-12T19:21:09","guid":{"rendered":"https:\/\/www.krivak.sk\/?page_id=37501"},"modified":"2025-02-11T09:56:32","modified_gmt":"2025-02-11T08:56:32","slug":"janka-debreceniova","status":"publish","type":"page","link":"https:\/\/www.krivak.sk\/eng\/nas-tim\/janka-debreceniova\/","title":{"rendered":"Janka Debrec\u00e9niov\u00e1"},"content":{"rendered":"<section class=\"wpb-content-wrapper\"><div id=\"headerpoyadie\" data-vc-full-width=\"true\" data-vc-full-width-init=\"false\" data-vc-stretch-content=\"true\" class=\"vc_row wpb_row vc_row-fluid vc_custom_1707765643694 vc_row-has-fill vc_row-no-padding vc_row-o-full-height vc_row-o-content-top vc_row-flex\"><div class=\"wpb_column vc_column_container vc_col-sm-12\"><div class=\"vc_column-inner\"><div class=\"wpb_wrapper\">\n\t<div class=\"wpb_text_column wpb_content_element\" id=\"boxvheaderpozadi-zalozky3\">\n\t\t<div class=\"wpb_wrapper\">\n\t\t\t<h4>Krivak &amp; Co<\/h4>\n<h1 class=\"fancy-title entry-title\">Janka Debrec\u00e9niov\u00e1<\/h1>\n<p class=\"fancy-subtitle entry-title\"><img decoding=\"async\" loading=\"lazy\" class=\"alignleft size-full wp-image-32210\" src=\"http:\/\/www.krivak.sk\/wp-content\/uploads\/revslider\/dejure-home\/line.png\" alt=\"\" width=\"199\" height=\"11\" \/><\/p>\n\n\t\t<\/div>\n\t<\/div>\n<\/div><\/div><\/div><\/div><div class=\"vc_row-full-width\"><\/div><div class=\"vc_row wpb_row vc_row-fluid vc_custom_1520425917345\"><div class=\"wpb_column vc_column_container vc_col-sm-12\"><div class=\"vc_column-inner\"><div class=\"wpb_wrapper\">\n\t<div class=\"wpb_text_column wpb_content_element\" >\n\t\t<div class=\"wpb_wrapper\">\n\t\t\t<p><span style=\"color: #a78f68;\"><strong>LEGAL EXPERT IN ANTI-DISCRIMINATION LAW AND HUMAN RIGHTS<\/strong><\/span><\/p>\n\n\t\t<\/div>\n\t<\/div>\n<div class=\"vc_row wpb_row vc_inner vc_row-fluid\"><div class=\"wpb_column vc_column_container vc_col-sm-6\"><div class=\"vc_column-inner\"><div class=\"wpb_wrapper\">\n\t<div class=\"wpb_text_column wpb_content_element\" >\n\t\t<div class=\"wpb_wrapper\">\n\t\t\t<p><em>(Mgr. \u2013 Pr\u00e1vnick\u00e1 fakulta Univerzity Mateja Bela v Banskej Bystrici; MJur \u2013 University of Oxford; PhD. \u2013 Pr\u00e1vnick\u00e1 fakulta Trnavskej univerzity v\u00a0Trnave)<\/em><\/p>\n<p>V\u00a0advok\u00e1tskej kancel\u00e1rii Krivak &amp; Co p\u00f4sob\u00edm od janu\u00e1ra 2024. \u0160pecializujem sa najm\u00e4 na komplexn\u00e9 slu\u017eby klientom a\u00a0klientkam v\u00a0oblasti z\u00e1kazu diskrimin\u00e1cie a rovn\u00e9ho zaobch\u00e1dzania. Tieto slu\u017eby zah\u0155\u0148aj\u00fa napr\u00edklad tvorbu a\u00a0rev\u00edziu intern\u00fdch postupov, predpisov a\u00a0zml\u00fav z\u00a0poh\u013eadu ich s\u00faladu so z\u00e1kazom diskrimin\u00e1cie; poradenstvo v\u00a0individu\u00e1lnych pr\u00edpadoch diskrimin\u00e1cie; pomoc pri nap\u013a\u0148an\u00ed po\u017eiadaviek na rovn\u00e9 odme\u0148ovanie vr\u00e1tane po\u017eiadaviek smernice o transparentnosti v\u00a0odme\u0148ovan\u00ed; intern\u00e9 pre\u0161etrovanie poru\u0161en\u00ed z\u00e1kazu diskrimin\u00e1cie vr\u00e1tane ob\u0165a\u017eovania a\u00a0sexu\u00e1lneho ob\u0165a\u017eovania;\u00a0 pomoc pri nastavovan\u00ed a\u00a0implement\u00e1ci\u00ed intern\u00fdch polit\u00edk v\u00a0oblasti rovnosti a\u00a0inkl\u00fazie vr\u00e1tane polit\u00edk na prevenciu ob\u0165a\u017eovania, sexu\u00e1lneho ob\u0165a\u017eovania a\u00a0\u0161ikany. Z\u00e1rove\u0148 sa podie\u013eam na poskytovan\u00ed slu\u017eieb pr\u00e1vnej pomoci v\u00a0in\u00fdch oblastiach, napr\u00edklad v\u00a0oblasti pracovn\u00e9ho pr\u00e1va \u010di \u013eudsk\u00fdch pr\u00e1v. Venujem sa tie\u017e viacer\u00fdm aktivit\u00e1m v\u00a0r\u00e1mci Pro bono programu kancel\u00e1rie.<\/p>\n<p>V rokoch 2000 \u2013 2023 som \u0165a\u017eiskovo p\u00f4sobila v\u00a0\u013eudskopr\u00e1vnej organiz\u00e1cii Ob\u010dan, demokracia a\u00a0zodpovednos\u0165 (ODZ), kde som sa okrem be\u017enej pr\u00e1vnickej agendy spojenej s\u00a0chodom mimovl\u00e1dnej organiz\u00e1cie podie\u013eala na realiz\u00e1cii advoka\u010dn\u00fdch, publika\u010dn\u00fdch, vzdel\u00e1vac\u00edch a v\u00fdskumn\u00fdch projektov najm\u00e4 v oblasti antidiskrimin\u00e1cie a rovn\u00e9ho zaobch\u00e1dzania, \u013eudsk\u00fdch pr\u00e1v \u017eien a rodovej rovnosti. V\u00a0rokoch 2014 \u2013 2017 a\u00a02020 \u2013 2023 som v\u00a0tejto organiz\u00e1cii zast\u00e1vala aj poz\u00edciu z\u00e1stupkyne v\u00fdkonnej riadite\u013eky.<\/p>\n<p>V\u00a0rokoch 2021 \u2013 2023 som p\u00f4sobila ako extern\u00e1 s\u00fadna poradky\u0148a na \u00dastavnom s\u00fade SR a v rokoch 2023 \u2013 2024 som p\u00f4sobila ako poradky\u0148a Kancel\u00e1rie Najvy\u0161\u0161ieho s\u00fadu SR.<\/p>\n<p>Od roku 2024 som \u010dlenkou Spr\u00e1vnej rady Slovensk\u00e9ho n\u00e1rodn\u00e9ho strediska pre \u013eudsk\u00e9 pr\u00e1va. V rokoch 2023 \u2013 2024 som bola podpredsedn\u00ed\u010dkou Spr\u00e1vnej rady Trnavskej univerzity. V\u00a0rokoch 2011 \u2013 2017 som bola \u010dlenkou Rady vl\u00e1dy SR pre \u013eudsk\u00e9 pr\u00e1va, n\u00e1rodnostn\u00e9 men\u0161iny a\u00a0rodov\u00fa rovnos\u0165.<\/p>\n<p>V\u00a0kontexte nediskrimin\u00e1cie a\u00a0rovn\u00e9ho zaobch\u00e1dzania som sa podie\u013eala na noveliz\u00e1cii viacer\u00fdch pr\u00e1vnych predpisov. Nieko\u013ekokr\u00e1t som sa podie\u013eala na noveliz\u00e1cii antidiskrimina\u010dn\u00e9ho z\u00e1kona (a v roku 2007 som bola aj \u010dlenkou vl\u00e1dnej medzirezortnej komisie pre noveliz\u00e1ciu\u00a0<a href=\"http:\/\/diskriminacia.sk\/antidiskriminacny-zakon\/\">antidiskrimina\u010dn\u00e9ho z\u00e1kona<\/a> \u00a0predpisov) a\u00a0v\u00a0kontexte z\u00e1sady rovn\u00e9ho zaobch\u00e1dzania som prispela aj k\u00a0zmen\u00e1m <a href=\"http:\/\/odz.sk\/hromadna-pripomienka-na-ochranu-tehotnych-zien-velka-novela-zakonnika-prace\/\">Z\u00e1konn\u00edka pr\u00e1ce<\/a>, <a href=\"http:\/\/odz.sk\/kanikove-novely-nic-neriesia-stat-by-trestal-cele-skupiny-ludi\/\">z\u00e1kona o rodi\u010dovskom pr\u00edspevku<\/a>, z\u00e1kona o s\u00fadnych poplatkoch \u010di\u00a0<a href=\"http:\/\/odz.sk\/pripomienkovali-sme-dva-navrhy\/\">Civiln\u00e9ho sporov\u00e9ho poriadku<\/a>. Od roku 2009 sa v\u00a0tejto oblasti venujem aj strategickej litig\u00e1cii, v\u00a0r\u00e1mci ktorej som \u00faspe\u0161ne <a href=\"http:\/\/odz.sk\/narodne-lesnicke-centrum\/\">zastupovala <\/a>viacero os\u00f4b, ktor\u00e9 boli dotknut\u00e9 diskrimin\u00e1ciou v zamestnan\u00ed.<\/p>\n\n\t\t<\/div>\n\t<\/div>\n<\/div><\/div><\/div><div class=\"wpb_column vc_column_container vc_col-sm-6\"><div class=\"vc_column-inner\"><div class=\"wpb_wrapper\">\n\t<div class=\"wpb_text_column wpb_content_element\" >\n\t\t<div class=\"wpb_wrapper\">\n\t\t\t<p>V oblasti rovn\u00e9ho zaobch\u00e1dzania som takisto viedla mnoho vzdel\u00e1vac\u00edch podujat\u00ed pre s\u00fady (vr\u00e1tane Najvy\u0161\u0161ieho s\u00fadu SR a poradcov a poradk\u00fd\u0148 \u00dastavn\u00e9ho s\u00fadu SR), in\u0161pektor\u00e1ty pr\u00e1ce, centr\u00e1 pr\u00e1vnej pomoci, ministerstv\u00e1 a in\u00e9 org\u00e1ny verejnej spr\u00e1vy, ale aj pre mimovl\u00e1dne organiz\u00e1cie, vzdel\u00e1vacie in\u0161tit\u00facie \u010di firmy. V rokoch 2009 \u2013 2016 som bola \u010dlenkou Eur\u00f3pskej siete pr\u00e1vnych expertiek a expertov pre oblas\u0165 rodovej rovnosti a nediskrimin\u00e1cie, ktor\u00e1 pre Eur\u00f3psku komisiu vyprac\u00fava spr\u00e1vy o implement\u00e1cii antidiskrimina\u010dn\u00fdch smern\u00edc E\u00da. Po\u010das \u00a0programu Eisenhower Fellowships (2023, USA) som sa venovala sp\u00f4sobom, ak\u00fdmi m\u00f4\u017eu in\u0161tit\u00facie a organiz\u00e1cie realizova\u0165 politiky rovnosti a nediskrimin\u00e1cie na syst\u00e9movej \u00farovni \u2013 smerom dovn\u00fatra i navonok. K t\u00e9mam rovnosti, rovn\u00e9ho zaobch\u00e1dzania a nediskrimin\u00e1cie tie\u017e intenz\u00edvne publikujem. Som napr\u00edklad autorkou prv\u00e9ho komplexn\u00e9ho koment\u00e1ra k antidiskrimina\u010dn\u00e9mu z\u00e1konu (Ob\u010dan a demokracia, 2008).<\/p>\n<p>Po\u010das svojej praxe som sa intenz\u00edvne zaoberala aj reproduk\u010dn\u00fdmi pr\u00e1vam \u017eien. V\u00a0tejto oblasti som sa dlhodobo a systematicky venovala presadzovaniu dodr\u017eiavania \u013eudsk\u00fdch pr\u00e1v \u017eien a novorodencov pri poskytovan\u00ed p\u00f4rodnej starostlivosti. Na dom\u00e1cej p\u00f4de som sa okrem mapovania poru\u0161en\u00ed t\u00fdchto pr\u00e1v venovala aj mapovaniu fungovania mechanizmov n\u00e1pravy, ktor\u00e1 m\u00e1 po poru\u0161eniach nasledova\u0165. V rokoch 2015 \u2013 2019 som v\u00a0uvedenej oblasti poskytla \u00a0viacer\u00e9 expertn\u00e9 konzult\u00e1cie na medzin\u00e1rodnej \u00farovni, a\u00a0to <a href=\"http:\/\/odz.sk\/uspech-odz-komisar-pre-ludske-prava\/\">komis\u00e1rovi Rady Eur\u00f3py pre \u013eudsk\u00e9 pr\u00e1va<\/a>,\u00a0<a href=\"http:\/\/odz.sk\/nase-spolocne-podanie\/\">osobitnej spravodajkyni OSN<\/a>\u00a0pre n\u00e1silie na \u017een\u00e1ch, jeho pr\u00ed\u010diny a d\u00f4sledky a Svetovej zdravotn\u00edckej organiz\u00e1cii. Tieto konzult\u00e1cie\u00a0vy\u00fastili do viacer\u00fdch dokumentov, v\u00a0ktor\u00fdch uveden\u00e9 subjekty na medzin\u00e1rodnej \u00farovni komplexnej\u0161ie tematizovali poskytovanie p\u00f4rodnej starostlivosti z poh\u013eadu poru\u0161ovania \u013eudsk\u00fdch pr\u00e1v. V\u00a0uvedenej oblasti som takisto intenz\u00edvne publikovala. Okrem \u0161t\u00fadi\u00ed, v\u00a0ktor\u00fdch som ako (spolu)autorka a\/alebo editorka popisovala a\u00a0analyzovala samotn\u00e9 poru\u0161enia pr\u00e1v, som tie\u017e autorkou kapitoly o \u013eudsk\u00fdch pr\u00e1vach \u017eien pri poskytovan\u00ed p\u00f4rodnej starostlivosti v\u00a0u\u010debnici p\u00f4rodn\u00edctva z\u00a0roku 2022 (A-medi management, s.r.o.; Z\u00e1humensk\u00fd, J. (ed.) ).<\/p>\n<p>V\u00a0roku 2023 som bola \u0161tipendistkou programu Eisenhower Fellowships (USA).<\/p>\n<p>Za svoje siln\u00e9 str\u00e1nky pova\u017eujem prec\u00edznos\u0165\u00a0 a\u00a0d\u00f4slednos\u0165, strategick\u00e9 myslenie, h\u013abkov\u00e9 interdisciplin\u00e1rne znalosti o\u00a0t\u00e9mach, ktor\u00fdm sa venujem, v\u00fdborn\u00e9 analytick\u00e9 a\u00a0argumenta\u010dn\u00e9 zru\u010dnosti, presn\u00fd \u00fasudok, schopnos\u0165 identifikova\u0165 a\u00a0pomenova\u0165 podstatu probl\u00e9mu a schopnos\u0165 predv\u00edda\u0165.<\/p>\n\n\t\t<\/div>\n\t<\/div>\n<\/div><\/div><\/div><\/div><div class=\"vc_empty_space\"   style=\"height: 30px\"><span class=\"vc_empty_space_inner\"><\/span><\/div>\n\t<div class=\"wpb_text_column wpb_content_element\" >\n\t\t<div class=\"wpb_wrapper\">\n\t\t\t<p><span style=\"color: #a78f68;\"><strong>SPECIALIZATION<\/strong><\/span><\/p>\n<p>antidiskrimina\u010dn\u00e9 pr\u00e1vo (vr\u00e1tane rovnosti a\u00a0transparentnosti v\u00a0odme\u0148ovan\u00ed), pracovn\u00e9 pr\u00e1vo, ob\u010dianske pr\u00e1vo, zdravotn\u00edcke pr\u00e1vo (vr\u00e1tane reproduk\u010dn\u00fdch pr\u00e1v), \u013eudsk\u00e9 pr\u00e1va, medzin\u00e1rodn\u00e9 mechanizmy na ochranu \u013eudsk\u00fdch pr\u00e1v<\/p>\n\n\t\t<\/div>\n\t<\/div>\n\n\t<div class=\"wpb_text_column wpb_content_element\" >\n\t\t<div class=\"wpb_wrapper\">\n\t\t\t<p><span style=\"color: #a78f68;\"><strong>MOJA PUBLIKA\u010cN\u00c1 \u010cINNOS\u0164<\/strong><\/span><\/p>\n<p>Mgr. Janka Debrec\u00e9niov\u00e1, MJur, PhD. \u2013 <a href=\"https:\/\/www.krivak.sk\/wp-content\/uploads\/2024\/02\/Publikacna-cinnost_JD_30012024.pdf\">vybran\u00e1 publika\u010dn\u00e1 \u010dinnos\u0165<\/a><\/p>\n\n\t\t<\/div>\n\t<\/div>\n<div class=\"vc_empty_space\"   style=\"height: 5px\"><span class=\"vc_empty_space_inner\"><\/span><\/div><div class=\"vc_separator wpb_content_element vc_separator_align_center vc_sep_width_100 vc_sep_pos_align_center vc_separator_no_text\" ><span class=\"vc_sep_holder vc_sep_holder_l\"><span style=\"border-color:#e5e5e5;\" class=\"vc_sep_line\"><\/span><\/span><span class=\"vc_sep_holder vc_sep_holder_r\"><span style=\"border-color:#e5e5e5;\" class=\"vc_sep_line\"><\/span><\/span>\n<\/div>\n\t<div class=\"wpb_text_column wpb_content_element\" >\n\t\t<div class=\"wpb_wrapper\">\n\t\t\t<p><span style=\"color: #a78f68;\"><strong>CONTACT<\/strong><\/span><\/p>\n\n\t\t<\/div>\n\t<\/div>\n<div id=\"dolucotoje\" class=\"vc_row wpb_row vc_inner vc_row-fluid\"><div class=\"wpb_column vc_column_container vc_col-sm-6\" id=\"krivakdolu\"><div class=\"vc_column-inner\"><div class=\"wpb_wrapper\"><ul class=\"df-share-shortcode df-social-connect big-social left\"><li><a class=\"mail-to\" style=\"color:#666666\" href=\"mailto:paluskova@krivak.sk?subject=https:\/\/www.krivak.sk\/eng\/nas-tim\/janka-debreceniova\/\" target=\"_top\"><i class=\"fa-envelope-o fa\"><\/i><i class=\"fa-envelope-o fa\"><\/i><\/a><\/li><\/ul><div class=\"clear\"><\/div>\n\t<div class=\"wpb_text_column wpb_content_element\" >\n\t\t<div class=\"wpb_wrapper\">\n\t\t\t<p><a href=\"mailto:debreceniova@krivak.sk\">debreceniova@krivak.sk<\/a><\/p>\n\n\t\t<\/div>\n\t<\/div>\n<\/div><\/div><\/div><div class=\"wpb_column vc_column_container vc_col-sm-6\"><div class=\"vc_column-inner\"><div class=\"wpb_wrapper\"><\/div><\/div><\/div><\/div><\/div><\/div><\/div><\/div>\n<\/section>","protected":false},"excerpt":{"rendered":"Krivak &amp; Co Janka Debrec\u00e9niov\u00e1 PR\u00c1VNA EXPERTKA PRE OBLAS\u0164 ANTIDISKRIMINA\u010cN\u00c9HO PR\u00c1VA A \u013dUDSK\u00ddCH PR\u00c1V (Mgr. \u2013 Pr\u00e1vnick\u00e1 fakulta Univerzity Mateja Bela v Banskej Bystrici; MJur \u2013 University of Oxford; PhD. \u2013 Pr\u00e1vnick\u00e1 fakulta Trnavskej univerzity v\u00a0Trnave) V\u00a0advok\u00e1tskej kancel\u00e1rii Krivak &amp; Co p\u00f4sob\u00edm od janu\u00e1ra 2024. \u0160pecializujem sa najm\u00e4 na komplexn\u00e9&hellip;","protected":false},"author":32,"featured_media":0,"parent":32015,"menu_order":0,"comment_status":"closed","ping_status":"closed","template":"","meta":[],"acf":[],"aioseo_notices":[],"_links":{"self":[{"href":"https:\/\/www.krivak.sk\/eng\/wp-json\/wp\/v2\/pages\/37501"}],"collection":[{"href":"https:\/\/www.krivak.sk\/eng\/wp-json\/wp\/v2\/pages"}],"about":[{"href":"https:\/\/www.krivak.sk\/eng\/wp-json\/wp\/v2\/types\/page"}],"author":[{"embeddable":true,"href":"https:\/\/www.krivak.sk\/eng\/wp-json\/wp\/v2\/users\/32"}],"replies":[{"embeddable":true,"href":"https:\/\/www.krivak.sk\/eng\/wp-json\/wp\/v2\/comments?post=37501"}],"version-history":[{"count":15,"href":"https:\/\/www.krivak.sk\/eng\/wp-json\/wp\/v2\/pages\/37501\/revisions"}],"predecessor-version":[{"id":37900,"href":"https:\/\/www.krivak.sk\/eng\/wp-json\/wp\/v2\/pages\/37501\/revisions\/37900"}],"up":[{"embeddable":true,"href":"https:\/\/www.krivak.sk\/eng\/wp-json\/wp\/v2\/pages\/32015"}],"wp:attachment":[{"href":"https:\/\/www.krivak.sk\/eng\/wp-json\/wp\/v2\/media?parent=37501"}],"curies":[{"name":"wp","href":"https:\/\/api.w.org\/{rel}","templated":true}]}}