{"id":33069,"date":"2018-02-20T10:30:24","date_gmt":"2018-02-20T09:30:24","guid":{"rendered":"http:\/\/www.krivak.sk\/?page_id=33069"},"modified":"2024-02-12T13:46:46","modified_gmt":"2024-02-12T12:46:46","slug":"mestske-bicykle","status":"publish","type":"page","link":"https:\/\/www.krivak.sk\/eng\/mestske-bicykle\/","title":{"rendered":"City bikes"},"content":{"rendered":"<section class=\"wpb-content-wrapper\"><div id=\"headerpoyadie\" data-vc-full-width=\"true\" data-vc-full-width-init=\"false\" data-vc-stretch-content=\"true\" class=\"vc_row wpb_row vc_row-fluid vc_custom_1525358687968 vc_row-has-fill vc_row-no-padding vc_row-o-full-height vc_row-o-content-middle vc_row-flex\"><div class=\"wpb_column vc_column_container vc_col-sm-12\"><div class=\"vc_column-inner\"><div class=\"wpb_wrapper\">\n\t<div class=\"wpb_text_column wpb_content_element\" id=\"boxvheaderpozadi-zalozky2\">\n\t\t<div class=\"wpb_wrapper\">\n\t\t\t<h4>Krivak &amp; Co.<\/h4>\n<h1 class=\"fancy-title entry-title\">City bikes<\/h1>\n<p class=\"fancy-subtitle entry-title\"><img decoding=\"async\" loading=\"lazy\" class=\"alignleft size-full wp-image-32210\" src=\"http:\/\/www.krivak.sk\/wp-content\/uploads\/revslider\/dejure-home\/line.png\" alt=\"\" width=\"199\" height=\"11\" \/><\/p>\n\n\t\t<\/div>\n\t<\/div>\n<\/div><\/div><\/div><\/div><div class=\"vc_row-full-width\"><\/div><div class=\"vc_row wpb_row vc_row-fluid vc_custom_1520388473623\"><div class=\"wpb_column vc_column_container vc_col-sm-12\"><div class=\"vc_column-inner\"><div class=\"wpb_wrapper\">\n\t<div class=\"wpb_text_column wpb_content_element\" >\n\t\t<div class=\"wpb_wrapper\">\n\t\t\t<p style=\"text-align: center;\"><span style=\"color: #a78f68;\"><strong>MESTSK\u00c9 BICYKLE<\/strong><\/span><\/p>\n<h1 style=\"text-align: center;\">\u2018The opportunity to go to work by bike immensely improves my quality of life.\u2019 JUDr. Martin Bal\u00e1\u017e<\/h1>\n\n\t\t<\/div>\n\t<\/div>\n<div class=\"vc_empty_space\"   style=\"height: 20px\"><span class=\"vc_empty_space_inner\"><\/span><\/div><\/div><\/div><\/div><\/div><div class=\"vc_row wpb_row vc_row-fluid\"><div class=\"wpb_column vc_column_container vc_col-sm-12\"><div class=\"vc_column-inner\"><div class=\"wpb_wrapper\">\n\t<div class=\"wpb_text_column wpb_content_element\" >\n\t\t<div class=\"wpb_wrapper\">\n\t\t\t<p style=\"font-weight: 400;\" class=\" translation-block\">We have <strong>six city bikes<\/strong>, for which we have built bicycle stands in front of our office at Gajova 13. Some of us travel to work and back home by bike almost all year round, and some only if it is warmer. We also use our bikes to go to lunch or when dealing with small administrative jobs. <strong>We are happy to lend our bikes for free<\/strong> to anyone who wants to do a tour nearby or supports more ecological means of transport, like us.<\/p>\n\n\t\t<\/div>\n\t<\/div>\n<div class=\"vc_empty_space\"   style=\"height: 30px\"><span class=\"vc_empty_space_inner\"><\/span><\/div><\/div><\/div><\/div><\/div><div class=\"vc_row wpb_row vc_row-fluid\"><div class=\"wpb_column vc_column_container vc_col-sm-12\"><div class=\"vc_column-inner\"><div class=\"wpb_wrapper\">\n\t<div class=\"wpb_text_column wpb_content_element\" >\n\t\t<div class=\"wpb_wrapper\">\n\t\t\t\n\t\t<\/div>\n\t<\/div>\n<\/div><\/div><\/div><\/div>\n<div data-vc-full-width=\"true\" data-vc-full-width-init=\"false\" class=\"vc_row wpb_row vc_row-fluid vc_custom_1521541322174 vc_row-has-fill\"><div class=\"wpb_column vc_column_container vc_col-sm-12\"><div class=\"vc_column-inner\"><div class=\"wpb_wrapper\">\n\t<div class=\"wpb_text_column wpb_content_element\" >\n\t\t<div class=\"wpb_wrapper\">\n\t\t\t<p style=\"text-align: center;\"><span style=\"color: #a78f68;\"><strong>COMMUNITY PROJECTS<\/strong><\/span><\/p>\n<h1 style=\"text-align: center;\">We may all enjoy good health, education, a job, and a roof over our heads. However, we know this is not a daily reality for everybody.<\/h1>\n<h1 style=\"text-align: center;\">We wish to share these privileges<\/h1>\n\n\t\t<\/div>\n\t<\/div>\n<\/div><\/div><\/div><\/div><div class=\"vc_row-full-width\"><\/div><div data-vc-full-width=\"true\" data-vc-full-width-init=\"false\" class=\"vc_row wpb_row vc_row-fluid vc_custom_1525937523941 vc_row-has-fill\"><div class=\"wpb_column vc_column_container vc_col-sm-6\"><div class=\"vc_column-inner\"><div class=\"wpb_wrapper\"><div class=\"banner-warpper sluzby\"><div class=\"banner-warpper-inner\"><a href=\"https:\/\/www.krivak.sk\/eng\/stipendijne-projekty\/\" target=\"\" title=\"\"><div class=\"banner-background\" style=\"background-image: url(https:\/\/www.krivak.sk\/wp-content\/uploads\/2018\/02\/stipendijny-program.jpg);\"><\/div><div class=\"banner-inner\"><div class=\"banner-content\" style=\"border-color:;height:400px;\"><\/p>\n<h3 style=\"text-align: center;\"><span style=\"color: #ffffff;\">Scholarship Program<\/span><\/h3>\n<p><\/div><\/div><\/a><\/div><\/div><\/div><\/div><\/div><div class=\"wpb_column vc_column_container vc_col-sm-6\"><div class=\"vc_column-inner\"><div class=\"wpb_wrapper\"><div class=\"banner-warpper sluzby\"><div class=\"banner-warpper-inner\"><a href=\"https:\/\/www.krivak.sk\/eng\/mestske-bicykle\/\" target=\"\" title=\"\"><div class=\"banner-background\" style=\"background-image: url(https:\/\/www.krivak.sk\/wp-content\/uploads\/2018\/03\/mestksebicyklenew.jpg);\"><\/div><div class=\"banner-inner\"><div class=\"banner-content\" style=\"border-color:;height:400px;\"><\/p>\n<h3 style=\"text-align: center;\"><span style=\"color: #ffffff;\">City bikes<\/span><\/h3>\n<p><\/div><\/div><\/a><\/div><\/div><\/div><\/div><\/div><div class=\"wpb_column vc_column_container vc_col-sm-6\"><div class=\"vc_column-inner\"><div class=\"wpb_wrapper\"><div class=\"banner-warpper sluzby\"><div class=\"banner-warpper-inner translation-block\">Pro Bono<br>\nLegal Services<\/div><\/div><\/div><\/div><\/div><div class=\"wpb_column vc_column_container vc_col-sm-6\"><div class=\"vc_column-inner\"><div class=\"wpb_wrapper\"><div class=\"banner-warpper sluzby\"><div class=\"banner-warpper-inner\"><a href=\"https:\/\/www.krivak.sk\/eng\/karpaty-tour\/\" target=\"\" title=\"\"><div class=\"banner-background\" style=\"background-image: url(https:\/\/www.krivak.sk\/wp-content\/uploads\/2018\/04\/20180425_155121-1.jpg);\"><\/div><div class=\"banner-inner\"><div class=\"banner-content\" style=\"border-color:;height:400px;\"><\/p>\n<h3 style=\"text-align: center;\"><span style=\"color: #ffffff;\">Karpaty Tour<\/span><\/h3>\n<p><\/div><\/div><\/a><\/div><\/div><\/div><\/div><\/div><\/div><div class=\"vc_row-full-width\"><\/div>\n<\/section>","protected":false},"excerpt":{"rendered":"Krivak &amp; Co. Mestsk\u00e9 bicykle MESTSK\u00c9 BICYKLE \u201eTo, \u017ee m\u00f4\u017eem chodi\u0165 do pr\u00e1ce na bicykli, mne osobne mimoriadne zvy\u0161uje kvalitu \u017eivota\u201c JUDr. Martin Bal\u00e1\u017e M\u00e1me\u00a0\u0161es\u0165 mestsk\u00fdch bicyklov,\u00a0pre ktor\u00e9 sme pred na\u0161\u00edm s\u00eddlom na Gajovej 13 postavili stojky. Niektor\u00ed z n\u00e1s pou\u017e\u00edvaj\u00fa bicykle na cestu do pr\u00e1ce a z pr\u00e1ce skoro&hellip;","protected":false},"author":32,"featured_media":0,"parent":0,"menu_order":0,"comment_status":"closed","ping_status":"closed","template":"","meta":[],"acf":[],"aioseo_notices":[],"_links":{"self":[{"href":"https:\/\/www.krivak.sk\/eng\/wp-json\/wp\/v2\/pages\/33069"}],"collection":[{"href":"https:\/\/www.krivak.sk\/eng\/wp-json\/wp\/v2\/pages"}],"about":[{"href":"https:\/\/www.krivak.sk\/eng\/wp-json\/wp\/v2\/types\/page"}],"author":[{"embeddable":true,"href":"https:\/\/www.krivak.sk\/eng\/wp-json\/wp\/v2\/users\/32"}],"replies":[{"embeddable":true,"href":"https:\/\/www.krivak.sk\/eng\/wp-json\/wp\/v2\/comments?post=33069"}],"version-history":[{"count":2,"href":"https:\/\/www.krivak.sk\/eng\/wp-json\/wp\/v2\/pages\/33069\/revisions"}],"predecessor-version":[{"id":37528,"href":"https:\/\/www.krivak.sk\/eng\/wp-json\/wp\/v2\/pages\/33069\/revisions\/37528"}],"wp:attachment":[{"href":"https:\/\/www.krivak.sk\/eng\/wp-json\/wp\/v2\/media?parent=33069"}],"curies":[{"name":"wp","href":"https:\/\/api.w.org\/{rel}","templated":true}]}}